[INFO] cloning repository https://github.com/nnonchev/chip-8-emulator
[INFO] running `Command { std: "git" "-c" "credential.helper=" "-c" "credential.helper=/workspace/cargo-home/bin/git-credential-null" "clone" "--bare" "https://github.com/nnonchev/chip-8-emulator" "/workspace/cache/git-repos/https%3A%2F%2Fgithub.com%2Fnnonchev%2Fchip-8-emulator", kill_on_drop: false }`
[INFO] [stderr] Cloning into bare repository '/workspace/cache/git-repos/https%3A%2F%2Fgithub.com%2Fnnonchev%2Fchip-8-emulator'...
[INFO] running `Command { std: "git" "rev-parse" "HEAD", kill_on_drop: false }`
[INFO] [stdout] 8f329c8573857a2a15c86849421b6dfbbe6827b2
[INFO] checking nnonchev/chip-8-emulator against try#72f88fc4e9458f89516a0b8b0868f3718aec5b47 for pr-74989
[INFO] running `Command { std: "git" "clone" "/workspace/cache/git-repos/https%3A%2F%2Fgithub.com%2Fnnonchev%2Fchip-8-emulator" "/workspace/builds/worker-3/source", kill_on_drop: false }`
[INFO] [stderr] Cloning into '/workspace/builds/worker-3/source'...
[INFO] [stderr] done.
[INFO] validating manifest of git repo https://github.com/nnonchev/chip-8-emulator on toolchain 72f88fc4e9458f89516a0b8b0868f3718aec5b47
[INFO] running `Command { std: "/workspace/cargo-home/bin/cargo" "+72f88fc4e9458f89516a0b8b0868f3718aec5b47" "read-manifest" "--manifest-path" "Cargo.toml", kill_on_drop: false }`
[INFO] started tweaking git repo https://github.com/nnonchev/chip-8-emulator
[INFO] finished tweaking git repo https://github.com/nnonchev/chip-8-emulator
[INFO] tweaked toml for git repo https://github.com/nnonchev/chip-8-emulator written to /workspace/builds/worker-3/source/Cargo.toml
[INFO] crate git repo https://github.com/nnonchev/chip-8-emulator already has a lockfile, it will not be regenerated
[INFO] running `Command { std: "/workspace/cargo-home/bin/cargo" "+72f88fc4e9458f89516a0b8b0868f3718aec5b47" "fetch" "--locked" "--manifest-path" "Cargo.toml", kill_on_drop: false }`
[INFO] running `Command { std: "docker" "create" "-v" "/var/lib/crater-agent-workspace/builds/worker-3/target:/opt/rustwide/target:rw,Z" "-v" "/var/lib/crater-agent-workspace/builds/worker-3/source:/opt/rustwide/workdir:ro,Z" "-v" "/var/lib/crater-agent-workspace/cargo-home:/opt/rustwide/cargo-home:ro,Z" "-v" "/var/lib/crater-agent-workspace/rustup-home:/opt/rustwide/rustup-home:ro,Z" "-e" "SOURCE_DIR=/opt/rustwide/workdir" "-e" "CARGO_TARGET_DIR=/opt/rustwide/target" "-e" "CARGO_HOME=/opt/rustwide/cargo-home" "-e" "RUSTUP_HOME=/opt/rustwide/rustup-home" "-w" "/opt/rustwide/workdir" "-m" "1610612736" "--user" "0:0" "--network" "none" "rustops/crates-build-env@sha256:d92eaeed33fa75130ca1ee6c8a01d1ffb62bac859dfdfb3450e3e5d1c0146529" "/opt/rustwide/cargo-home/bin/cargo" "+72f88fc4e9458f89516a0b8b0868f3718aec5b47" "metadata" "--no-deps" "--format-version=1", kill_on_drop: false }`
[INFO] [stdout] 94390812d3c5583154a5b250ca55c10a52e01b5f437dc8ebeb2ab2ba79ec0337
[INFO] [stderr] WARNING: Your kernel does not support swap limit capabilities or the cgroup is not mounted. Memory limited without swap.
[INFO] running `Command { std: "docker" "start" "-a" "94390812d3c5583154a5b250ca55c10a52e01b5f437dc8ebeb2ab2ba79ec0337", kill_on_drop: false }`
[INFO] running `Command { std: "docker" "inspect" "94390812d3c5583154a5b250ca55c10a52e01b5f437dc8ebeb2ab2ba79ec0337", kill_on_drop: false }`
[INFO] running `Command { std: "docker" "rm" "-f" "94390812d3c5583154a5b250ca55c10a52e01b5f437dc8ebeb2ab2ba79ec0337", kill_on_drop: false }`
[INFO] [stdout] 94390812d3c5583154a5b250ca55c10a52e01b5f437dc8ebeb2ab2ba79ec0337
[INFO] running `Command { std: "docker" "create" "-v" "/var/lib/crater-agent-workspace/builds/worker-3/target:/opt/rustwide/target:rw,Z" "-v" "/var/lib/crater-agent-workspace/builds/worker-3/source:/opt/rustwide/workdir:ro,Z" "-v" "/var/lib/crater-agent-workspace/cargo-home:/opt/rustwide/cargo-home:ro,Z" "-v" "/var/lib/crater-agent-workspace/rustup-home:/opt/rustwide/rustup-home:ro,Z" "-e" "SOURCE_DIR=/opt/rustwide/workdir" "-e" "CARGO_TARGET_DIR=/opt/rustwide/target" "-e" "CARGO_INCREMENTAL=0" "-e" "RUST_BACKTRACE=full" "-e" "RUSTFLAGS=--cap-lints=forbid" "-e" "CARGO_HOME=/opt/rustwide/cargo-home" "-e" "RUSTUP_HOME=/opt/rustwide/rustup-home" "-w" "/opt/rustwide/workdir" "-m" "1610612736" "--user" "0:0" "--network" "none" "rustops/crates-build-env@sha256:d92eaeed33fa75130ca1ee6c8a01d1ffb62bac859dfdfb3450e3e5d1c0146529" "/opt/rustwide/cargo-home/bin/cargo" "+72f88fc4e9458f89516a0b8b0868f3718aec5b47" "check" "--frozen" "--all" "--all-targets" "--message-format=json", kill_on_drop: false }`
[INFO] [stderr] WARNING: Your kernel does not support swap limit capabilities or the cgroup is not mounted. Memory limited without swap.
[INFO] [stdout] b036496c53eaad95792edef844d3adfab1b721cd2e0ed2aa5f59beccfaa01868
[INFO] running `Command { std: "docker" "start" "-a" "b036496c53eaad95792edef844d3adfab1b721cd2e0ed2aa5f59beccfaa01868", kill_on_drop: false }`
[INFO] [stderr]     Checking chip_8 v0.1.0 (/opt/rustwide/workdir)
[INFO] [stdout] error[E0425]: cannot find value `addr` in this scope
[INFO] [stdout]   --> src/main.rs:73:13
[INFO] [stdout]    |
[INFO] [stdout] 73 |             addr += (op3 as u16) << 0x04;
[INFO] [stdout]    |             ^^^^ not found in this scope
[INFO] [stdout] 
[INFO] [stdout] 
[INFO] [stdout] error[E0425]: cannot find value `op3` in this scope
[INFO] [stdout]   --> src/main.rs:73:22
[INFO] [stdout]    |
[INFO] [stdout] 73 |             addr += (op3 as u16) << 0x04;
[INFO] [stdout]    |                      ^^^ not found in this scope
[INFO] [stdout] 
[INFO] [stdout] 
[INFO] [stdout] error[E0425]: cannot find value `addr` in this scope
[INFO] [stdout]   --> src/main.rs:74:13
[INFO] [stdout]    |
[INFO] [stdout] 74 |             addr += op4 as u16;
[INFO] [stdout]    |             ^^^^ not found in this scope
[INFO] [stdout] 
[INFO] [stdout] 
[INFO] [stdout] error[E0425]: cannot find value `op4` in this scope
[INFO] [stdout]   --> src/main.rs:74:21
[INFO] [stdout]    |
[INFO] [stdout] 74 |             addr += op4 as u16;
[INFO] [stdout]    |                     ^^^ not found in this scope
[INFO] [stdout] 
[INFO] [stdout] 
[INFO] [stdout] error[E0425]: cannot find value `op4` in this scope
[INFO] [stdout]   --> src/main.rs:81:87
[INFO] [stdout]    |
[INFO] [stdout] 81 |             println!("op1: {:0x}, op2: {:0x}, op3: {:0x}, op4: {:0x}", op1, op2, op3, op4);
[INFO] [stdout]    |                                                                                       ^^^ help: a local variable with a similar name exists: `op1`
[INFO] [stdout] 
[INFO] [stdout] 
[INFO] [stdout] error[E0425]: cannot find value `addr` in this scope
[INFO] [stdout]   --> src/main.rs:73:13
[INFO] [stdout]    |
[INFO] [stdout] 73 |             addr += (op3 as u16) << 0x04;
[INFO] [stdout]    |             ^^^^ not found in this scope
[INFO] [stdout] 
[INFO] [stdout] 
[INFO] [stdout] error[E0425]: cannot find value `op3` in this scope
[INFO] [stdout]   --> src/main.rs:73:22
[INFO] [stdout]    |
[INFO] [stdout] 73 |             addr += (op3 as u16) << 0x04;
[INFO] [stdout]    |                      ^^^ not found in this scope
[INFO] [stdout] 
[INFO] [stdout] 
[INFO] [stdout] error[E0425]: cannot find value `addr` in this scope
[INFO] [stdout]   --> src/main.rs:74:13
[INFO] [stdout]    |
[INFO] [stdout] 74 |             addr += op4 as u16;
[INFO] [stdout]    |             ^^^^ not found in this scope
[INFO] [stdout] 
[INFO] [stdout] 
[INFO] [stdout] error[E0425]: cannot find value `op4` in this scope
[INFO] [stdout]   --> src/main.rs:74:21
[INFO] [stdout]    |
[INFO] [stdout] 74 |             addr += op4 as u16;
[INFO] [stdout]    |                     ^^^ not found in this scope
[INFO] [stdout] 
[INFO] [stdout] 
[INFO] [stdout] error[E0425]: cannot find value `op4` in this scope
[INFO] [stdout]   --> src/main.rs:81:87
[INFO] [stdout]    |
[INFO] [stdout] 81 |             println!("op1: {:0x}, op2: {:0x}, op3: {:0x}, op4: {:0x}", op1, op2, op3, op4);
[INFO] [stdout]    |                                                                                       ^^^ help: a local variable with a similar name exists: `op1`
[INFO] [stdout] 
[INFO] [stdout] 
[INFO] [stdout] error: aborting due to 5 previous errors
[INFO] [stdout] 
[INFO] [stdout] 
[INFO] [stdout] For more information about this error, try `rustc --explain E0425`.
[INFO] [stdout] 
[INFO] [stderr] error: could not compile `chip_8`.
[INFO] [stderr] 
[INFO] [stderr] To learn more, run the command again with --verbose.
[INFO] [stderr] warning: build failed, waiting for other jobs to finish...
[INFO] [stdout] error: aborting due to 5 previous errors
[INFO] [stdout] 
[INFO] [stdout] 
[INFO] [stdout] For more information about this error, try `rustc --explain E0425`.
[INFO] [stdout] 
[INFO] [stderr] error: build failed
[INFO] running `Command { std: "docker" "inspect" "b036496c53eaad95792edef844d3adfab1b721cd2e0ed2aa5f59beccfaa01868", kill_on_drop: false }`
[INFO] running `Command { std: "docker" "rm" "-f" "b036496c53eaad95792edef844d3adfab1b721cd2e0ed2aa5f59beccfaa01868", kill_on_drop: false }`
[INFO] [stdout] b036496c53eaad95792edef844d3adfab1b721cd2e0ed2aa5f59beccfaa01868
